{"id":628,"date":"2024-07-14T19:59:24","date_gmt":"2024-07-14T17:59:24","guid":{"rendered":"https:\/\/lernenmachtspass.net\/?page_id=628"},"modified":"2025-07-21T14:11:26","modified_gmt":"2025-07-21T12:11:26","slug":"lernen-durch-klang","status":"publish","type":"page","link":"https:\/\/lernenmachtspass.net\/index.php\/lernen-durch-klang\/","title":{"rendered":"Lernen durch Klang"},"content":{"rendered":"\n<figure class=\"wp-block-image size-large\"><img decoding=\"async\" loading=\"lazy\" width=\"1024\" height=\"683\" src=\"https:\/\/lernenmachtspass.net\/wp-content\/uploads\/2024\/10\/1L6A1017-1024x683.jpg\" alt=\"\" class=\"wp-image-676\" srcset=\"https:\/\/lernenmachtspass.net\/wp-content\/uploads\/2024\/10\/1L6A1017-1024x683.jpg 1024w, https:\/\/lernenmachtspass.net\/wp-content\/uploads\/2024\/10\/1L6A1017-300x200.jpg 300w, https:\/\/lernenmachtspass.net\/wp-content\/uploads\/2024\/10\/1L6A1017-768x512.jpg 768w, https:\/\/lernenmachtspass.net\/wp-content\/uploads\/2024\/10\/1L6A1017-1536x1025.jpg 1536w, https:\/\/lernenmachtspass.net\/wp-content\/uploads\/2024\/10\/1L6A1017-2048x1366.jpg 2048w, https:\/\/lernenmachtspass.net\/wp-content\/uploads\/2024\/10\/1L6A1017-1200x800.jpg 1200w, https:\/\/lernenmachtspass.net\/wp-content\/uploads\/2024\/10\/1L6A1017-1980x1321.jpg 1980w\" sizes=\"(max-width: 1024px) 100vw, 1024px\" \/><\/figure>\n\n\n\n<p>Kl\u00e4nge ber\u00fchren uns unmittelbar, geben uns Zugang zu unseren Emotionen und lassen Erinnerungen und Tr\u00e4ume entstehen. Durch die Schwingungen der Klangschalen begeben wir uns in einen entspannten Zustand zwischen Tag und Traum, der uns hilft, abzulegen, was wir in diesem Moment nicht brauchen und uns auf das zu konzentrieren, was in uns ist. Dabei erfahren wir uns selbst neu und pl\u00f6tzlich kommen uns Ideen und L\u00f6sungen, auf die wir ohne die Kl\u00e4nge nie gekommen w\u00e4ren. Oder wir gehen gest\u00e4rkt und konzentriert an unsere (Lern)-Aufgabe.<\/p>\n\n\n\n<p>Ich freue mich, mit meinen gesammelten Klangschalen Freude bereiten zu k\u00f6nnen. Darunter sind drei Peter Hess Therapieklangschalen, drei Schalen, die ich in Nepal direkt ausgew\u00e4hlt habe und meine erste Klangschale, mit der alles begann. Wenn ich sie in die Hand nehme und anschlage, denke ich manchmal an Dagobert Duck.<\/p>\n\n\n\n<figure class=\"wp-block-image size-large\"><img decoding=\"async\" loading=\"lazy\" width=\"1024\" height=\"683\" src=\"https:\/\/lernenmachtspass.net\/wp-content\/uploads\/2024\/10\/1L6A0902-1-1024x683.jpg\" alt=\"\" class=\"wp-image-678\" srcset=\"https:\/\/lernenmachtspass.net\/wp-content\/uploads\/2024\/10\/1L6A0902-1-1024x683.jpg 1024w, https:\/\/lernenmachtspass.net\/wp-content\/uploads\/2024\/10\/1L6A0902-1-300x200.jpg 300w, https:\/\/lernenmachtspass.net\/wp-content\/uploads\/2024\/10\/1L6A0902-1-768x512.jpg 768w, https:\/\/lernenmachtspass.net\/wp-content\/uploads\/2024\/10\/1L6A0902-1-1536x1025.jpg 1536w, https:\/\/lernenmachtspass.net\/wp-content\/uploads\/2024\/10\/1L6A0902-1-2048x1366.jpg 2048w, https:\/\/lernenmachtspass.net\/wp-content\/uploads\/2024\/10\/1L6A0902-1-1200x800.jpg 1200w, https:\/\/lernenmachtspass.net\/wp-content\/uploads\/2024\/10\/1L6A0902-1-1980x1321.jpg 1980w\" sizes=\"(max-width: 1024px) 100vw, 1024px\" \/><\/figure>\n\n\n\n<p>Jede Klangschale hat ein ganzes Spektrum an T\u00f6nen, die je nach Anschlagtechnik erklingen. Die f\u00fcr uns ungewohnten Verbindungen  der T\u00f6ne laden zum Lauschen ein. Die meisten Menschen reagieren darauf mit tiefer Entspannung und dem Wunsch mehr davon zu h\u00f6ren.<\/p>\n\n\n\n<h3 class=\"wp-block-heading\">Klangerlebnisse f\u00fcr Gro\u00df und Klein<\/h3>\n\n\n\n<p>Bei einem Klangerlebnis lasse ich die Schalen erklingen und lade zum Lauschen ein. Es gibt auch immer die M\u00f6glichkeit die Kl\u00e4nge zu sp\u00fcren und selbst mitzutun.<br>\u00dcbringens sind Kl\u00e4nge f\u00fcr jedes Alter interessant.<\/p>\n\n\n\n<p>Wenn du dir eine Kostprobe w\u00fcnschst, sprich mich gerne an.<br>klang@lernenmachtspass.net<\/p>\n\n\n\n<div class=\"wp-block-group is-layout-constrained\"><div class=\"wp-block-group__inner-container\">\n<div class=\"wp-block-columns is-layout-flex wp-container-5\">\n<div class=\"wp-block-column is-layout-flow\" style=\"flex-basis:100%\">\n<div class=\"wp-block-group is-layout-constrained\"><div class=\"wp-block-group__inner-container\">\n<figure class=\"wp-block-image size-large\"><img decoding=\"async\" loading=\"lazy\" width=\"768\" height=\"1024\" src=\"https:\/\/lernenmachtspass.net\/wp-content\/uploads\/2025\/03\/IMG-20250114-WA0023-768x1024.jpg\" alt=\"\" class=\"wp-image-742\" srcset=\"https:\/\/lernenmachtspass.net\/wp-content\/uploads\/2025\/03\/IMG-20250114-WA0023-768x1024.jpg 768w, https:\/\/lernenmachtspass.net\/wp-content\/uploads\/2025\/03\/IMG-20250114-WA0023-225x300.jpg 225w, https:\/\/lernenmachtspass.net\/wp-content\/uploads\/2025\/03\/IMG-20250114-WA0023-1152x1536.jpg 1152w, https:\/\/lernenmachtspass.net\/wp-content\/uploads\/2025\/03\/IMG-20250114-WA0023.jpg 1200w\" sizes=\"(max-width: 768px) 100vw, 768px\" \/><\/figure>\n\n\n\n<figure class=\"wp-block-image size-large is-resized\"><img decoding=\"async\" loading=\"lazy\" src=\"https:\/\/lernenmachtspass.net\/wp-content\/uploads\/2025\/05\/20250411_191203-2-1-scaled-e1747764722111-1024x988.jpg\" alt=\"Entspannung mit Klang in der H\u00e4ngeschaukel sichtbar machen\" class=\"wp-image-796\" width=\"612\" height=\"590\" srcset=\"https:\/\/lernenmachtspass.net\/wp-content\/uploads\/2025\/05\/20250411_191203-2-1-scaled-e1747764722111-1024x988.jpg 1024w, https:\/\/lernenmachtspass.net\/wp-content\/uploads\/2025\/05\/20250411_191203-2-1-scaled-e1747764722111-300x290.jpg 300w, https:\/\/lernenmachtspass.net\/wp-content\/uploads\/2025\/05\/20250411_191203-2-1-scaled-e1747764722111-768x741.jpg 768w, https:\/\/lernenmachtspass.net\/wp-content\/uploads\/2025\/05\/20250411_191203-2-1-scaled-e1747764722111-1536x1482.jpg 1536w, https:\/\/lernenmachtspass.net\/wp-content\/uploads\/2025\/05\/20250411_191203-2-1-scaled-e1747764722111-1200x1158.jpg 1200w, https:\/\/lernenmachtspass.net\/wp-content\/uploads\/2025\/05\/20250411_191203-2-1-scaled-e1747764722111-1980x1911.jpg 1980w, https:\/\/lernenmachtspass.net\/wp-content\/uploads\/2025\/05\/20250411_191203-2-1-scaled-e1747764722111.jpg 2009w\" sizes=\"(max-width: 612px) 100vw, 612px\" \/><figcaption class=\"wp-element-caption\">Klangerlebnis im Rahmen meiner Arbeit<\/figcaption><\/figure>\n\n\n\n<figure class=\"wp-block-image size-large is-resized\"><img decoding=\"async\" loading=\"lazy\" src=\"https:\/\/lernenmachtspass.net\/wp-content\/uploads\/2025\/05\/20250411_190225-2-894x1024.jpg\" alt=\"\" class=\"wp-image-797\" width=\"501\" height=\"573\" srcset=\"https:\/\/lernenmachtspass.net\/wp-content\/uploads\/2025\/05\/20250411_190225-2-894x1024.jpg 894w, https:\/\/lernenmachtspass.net\/wp-content\/uploads\/2025\/05\/20250411_190225-2-262x300.jpg 262w, https:\/\/lernenmachtspass.net\/wp-content\/uploads\/2025\/05\/20250411_190225-2-768x880.jpg 768w, https:\/\/lernenmachtspass.net\/wp-content\/uploads\/2025\/05\/20250411_190225-2-1341x1536.jpg 1341w, https:\/\/lernenmachtspass.net\/wp-content\/uploads\/2025\/05\/20250411_190225-2-1787x2048.jpg 1787w, https:\/\/lernenmachtspass.net\/wp-content\/uploads\/2025\/05\/20250411_190225-2-1200x1375.jpg 1200w, https:\/\/lernenmachtspass.net\/wp-content\/uploads\/2025\/05\/20250411_190225-2-1980x2269.jpg 1980w\" sizes=\"(max-width: 501px) 100vw, 501px\" \/><\/figure>\n\n\n\n<figure class=\"wp-block-image size-large is-resized\"><img decoding=\"async\" loading=\"lazy\" src=\"https:\/\/lernenmachtspass.net\/wp-content\/uploads\/2025\/03\/IMG-20250114-WA0001-768x1024.jpg\" alt=\"\" class=\"wp-image-741\" width=\"329\" height=\"439\" srcset=\"https:\/\/lernenmachtspass.net\/wp-content\/uploads\/2025\/03\/IMG-20250114-WA0001-768x1024.jpg 768w, https:\/\/lernenmachtspass.net\/wp-content\/uploads\/2025\/03\/IMG-20250114-WA0001-225x300.jpg 225w, https:\/\/lernenmachtspass.net\/wp-content\/uploads\/2025\/03\/IMG-20250114-WA0001-1152x1536.jpg 1152w, https:\/\/lernenmachtspass.net\/wp-content\/uploads\/2025\/03\/IMG-20250114-WA0001.jpg 1200w\" sizes=\"(max-width: 329px) 100vw, 329px\" \/><\/figure>\n\n\n\n<figure class=\"wp-block-gallery has-nested-images columns-default is-cropped wp-block-gallery-1 is-layout-flex\">\n<figure class=\"wp-block-image size-large\"><img decoding=\"async\" loading=\"lazy\" width=\"1024\" height=\"768\" src=\"https:\/\/lernenmachtspass.net\/wp-content\/uploads\/2025\/03\/IMG-20250114-WA0016-1024x768.jpg\" alt=\"\" class=\"wp-image-740\" srcset=\"https:\/\/lernenmachtspass.net\/wp-content\/uploads\/2025\/03\/IMG-20250114-WA0016-1024x768.jpg 1024w, https:\/\/lernenmachtspass.net\/wp-content\/uploads\/2025\/03\/IMG-20250114-WA0016-300x225.jpg 300w, https:\/\/lernenmachtspass.net\/wp-content\/uploads\/2025\/03\/IMG-20250114-WA0016-768x576.jpg 768w, https:\/\/lernenmachtspass.net\/wp-content\/uploads\/2025\/03\/IMG-20250114-WA0016-1536x1152.jpg 1536w, https:\/\/lernenmachtspass.net\/wp-content\/uploads\/2025\/03\/IMG-20250114-WA0016-1200x900.jpg 1200w, https:\/\/lernenmachtspass.net\/wp-content\/uploads\/2025\/03\/IMG-20250114-WA0016.jpg 1600w\" sizes=\"(max-width: 1024px) 100vw, 1024px\" \/><\/figure>\n<\/figure>\n<\/div><\/div>\n<\/div>\n<\/div>\n<\/div><\/div>\n\n\n\n<figure class=\"wp-block-image size-large\"><img decoding=\"async\" loading=\"lazy\" width=\"1024\" height=\"768\" src=\"https:\/\/lernenmachtspass.net\/wp-content\/uploads\/2025\/03\/IMG-20250114-WA0012-1024x768.jpg\" alt=\"\" class=\"wp-image-739\" srcset=\"https:\/\/lernenmachtspass.net\/wp-content\/uploads\/2025\/03\/IMG-20250114-WA0012-1024x768.jpg 1024w, https:\/\/lernenmachtspass.net\/wp-content\/uploads\/2025\/03\/IMG-20250114-WA0012-300x225.jpg 300w, https:\/\/lernenmachtspass.net\/wp-content\/uploads\/2025\/03\/IMG-20250114-WA0012-768x576.jpg 768w, https:\/\/lernenmachtspass.net\/wp-content\/uploads\/2025\/03\/IMG-20250114-WA0012-1536x1152.jpg 1536w, https:\/\/lernenmachtspass.net\/wp-content\/uploads\/2025\/03\/IMG-20250114-WA0012-1200x900.jpg 1200w, https:\/\/lernenmachtspass.net\/wp-content\/uploads\/2025\/03\/IMG-20250114-WA0012.jpg 1600w\" sizes=\"(max-width: 1024px) 100vw, 1024px\" \/><\/figure>\n","protected":false},"excerpt":{"rendered":"<p>Kl\u00e4nge ber\u00fchren uns unmittelbar, geben uns Zugang zu unseren Emotionen und lassen Erinnerungen und Tr\u00e4ume entstehen. Durch die Schwingungen der Klangschalen begeben wir uns in einen entspannten Zustand zwischen Tag und Traum, der uns hilft, abzulegen, was wir in diesem Moment nicht brauchen und uns auf das zu konzentrieren, was in uns ist. Dabei erfahren [&hellip;]<\/p>\n","protected":false},"author":2,"featured_media":0,"parent":0,"menu_order":0,"comment_status":"closed","ping_status":"closed","template":"","meta":[],"yoast_head":"<!-- This site is optimized with the Yoast SEO plugin v20.8 - https:\/\/yoast.com\/wordpress\/plugins\/seo\/ -->\n<title>Lernen durch Klang - Lustvoll lernen!<\/title>\n<meta name=\"robots\" content=\"index, follow, max-snippet:-1, max-image-preview:large, max-video-preview:-1\" \/>\n<link rel=\"canonical\" href=\"https:\/\/lernenmachtspass.net\/index.php\/lernen-durch-klang\/\" \/>\n<meta property=\"og:locale\" content=\"de_DE\" \/>\n<meta property=\"og:type\" content=\"article\" \/>\n<meta property=\"og:title\" content=\"Lernen durch Klang - Lustvoll lernen!\" \/>\n<meta property=\"og:description\" content=\"Kl\u00e4nge ber\u00fchren uns unmittelbar, geben uns Zugang zu unseren Emotionen und lassen Erinnerungen und Tr\u00e4ume entstehen. Durch die Schwingungen der Klangschalen begeben wir uns in einen entspannten Zustand zwischen Tag und Traum, der uns hilft, abzulegen, was wir in diesem Moment nicht brauchen und uns auf das zu konzentrieren, was in uns ist. Dabei erfahren [&hellip;]\" \/>\n<meta property=\"og:url\" content=\"https:\/\/lernenmachtspass.net\/index.php\/lernen-durch-klang\/\" \/>\n<meta property=\"og:site_name\" content=\"Lustvoll lernen!\" \/>\n<meta property=\"article:modified_time\" content=\"2025-07-21T12:11:26+00:00\" \/>\n<meta property=\"og:image\" content=\"https:\/\/lernenmachtspass.net\/wp-content\/uploads\/2024\/10\/1L6A1017-1024x683.jpg\" \/>\n<meta name=\"twitter:card\" content=\"summary_large_image\" \/>\n<meta name=\"twitter:label1\" content=\"Gesch\u00e4tzte Lesezeit\" \/>\n\t<meta name=\"twitter:data1\" content=\"3\u00a0Minuten\" \/>\n<script type=\"application\/ld+json\" class=\"yoast-schema-graph\">{\"@context\":\"https:\/\/schema.org\",\"@graph\":[{\"@type\":\"WebPage\",\"@id\":\"https:\/\/lernenmachtspass.net\/index.php\/lernen-durch-klang\/\",\"url\":\"https:\/\/lernenmachtspass.net\/index.php\/lernen-durch-klang\/\",\"name\":\"Lernen durch Klang - Lustvoll lernen!\",\"isPartOf\":{\"@id\":\"https:\/\/lernenmachtspass.net\/#website\"},\"datePublished\":\"2024-07-14T17:59:24+00:00\",\"dateModified\":\"2025-07-21T12:11:26+00:00\",\"breadcrumb\":{\"@id\":\"https:\/\/lernenmachtspass.net\/index.php\/lernen-durch-klang\/#breadcrumb\"},\"inLanguage\":\"de\",\"potentialAction\":[{\"@type\":\"ReadAction\",\"target\":[\"https:\/\/lernenmachtspass.net\/index.php\/lernen-durch-klang\/\"]}]},{\"@type\":\"BreadcrumbList\",\"@id\":\"https:\/\/lernenmachtspass.net\/index.php\/lernen-durch-klang\/#breadcrumb\",\"itemListElement\":[{\"@type\":\"ListItem\",\"position\":1,\"name\":\"Startseite\",\"item\":\"https:\/\/lernenmachtspass.net\/\"},{\"@type\":\"ListItem\",\"position\":2,\"name\":\"Lernen durch Klang\"}]},{\"@type\":\"WebSite\",\"@id\":\"https:\/\/lernenmachtspass.net\/#website\",\"url\":\"https:\/\/lernenmachtspass.net\/\",\"name\":\"Lustvoll lernen!\",\"description\":\"Lerne und dein Leben verbessert dich\",\"potentialAction\":[{\"@type\":\"SearchAction\",\"target\":{\"@type\":\"EntryPoint\",\"urlTemplate\":\"https:\/\/lernenmachtspass.net\/?s={search_term_string}\"},\"query-input\":\"required name=search_term_string\"}],\"inLanguage\":\"de\"}]}<\/script>\n<!-- \/ Yoast SEO plugin. -->","yoast_head_json":{"title":"Lernen durch Klang - Lustvoll lernen!","robots":{"index":"index","follow":"follow","max-snippet":"max-snippet:-1","max-image-preview":"max-image-preview:large","max-video-preview":"max-video-preview:-1"},"canonical":"https:\/\/lernenmachtspass.net\/index.php\/lernen-durch-klang\/","og_locale":"de_DE","og_type":"article","og_title":"Lernen durch Klang - Lustvoll lernen!","og_description":"Kl\u00e4nge ber\u00fchren uns unmittelbar, geben uns Zugang zu unseren Emotionen und lassen Erinnerungen und Tr\u00e4ume entstehen. Durch die Schwingungen der Klangschalen begeben wir uns in einen entspannten Zustand zwischen Tag und Traum, der uns hilft, abzulegen, was wir in diesem Moment nicht brauchen und uns auf das zu konzentrieren, was in uns ist. Dabei erfahren [&hellip;]","og_url":"https:\/\/lernenmachtspass.net\/index.php\/lernen-durch-klang\/","og_site_name":"Lustvoll lernen!","article_modified_time":"2025-07-21T12:11:26+00:00","og_image":[{"url":"https:\/\/lernenmachtspass.net\/wp-content\/uploads\/2024\/10\/1L6A1017-1024x683.jpg"}],"twitter_card":"summary_large_image","twitter_misc":{"Gesch\u00e4tzte Lesezeit":"3\u00a0Minuten"},"schema":{"@context":"https:\/\/schema.org","@graph":[{"@type":"WebPage","@id":"https:\/\/lernenmachtspass.net\/index.php\/lernen-durch-klang\/","url":"https:\/\/lernenmachtspass.net\/index.php\/lernen-durch-klang\/","name":"Lernen durch Klang - Lustvoll lernen!","isPartOf":{"@id":"https:\/\/lernenmachtspass.net\/#website"},"datePublished":"2024-07-14T17:59:24+00:00","dateModified":"2025-07-21T12:11:26+00:00","breadcrumb":{"@id":"https:\/\/lernenmachtspass.net\/index.php\/lernen-durch-klang\/#breadcrumb"},"inLanguage":"de","potentialAction":[{"@type":"ReadAction","target":["https:\/\/lernenmachtspass.net\/index.php\/lernen-durch-klang\/"]}]},{"@type":"BreadcrumbList","@id":"https:\/\/lernenmachtspass.net\/index.php\/lernen-durch-klang\/#breadcrumb","itemListElement":[{"@type":"ListItem","position":1,"name":"Startseite","item":"https:\/\/lernenmachtspass.net\/"},{"@type":"ListItem","position":2,"name":"Lernen durch Klang"}]},{"@type":"WebSite","@id":"https:\/\/lernenmachtspass.net\/#website","url":"https:\/\/lernenmachtspass.net\/","name":"Lustvoll lernen!","description":"Lerne und dein Leben verbessert dich","potentialAction":[{"@type":"SearchAction","target":{"@type":"EntryPoint","urlTemplate":"https:\/\/lernenmachtspass.net\/?s={search_term_string}"},"query-input":"required name=search_term_string"}],"inLanguage":"de"}]}},"_links":{"self":[{"href":"https:\/\/lernenmachtspass.net\/index.php\/wp-json\/wp\/v2\/pages\/628"}],"collection":[{"href":"https:\/\/lernenmachtspass.net\/index.php\/wp-json\/wp\/v2\/pages"}],"about":[{"href":"https:\/\/lernenmachtspass.net\/index.php\/wp-json\/wp\/v2\/types\/page"}],"author":[{"embeddable":true,"href":"https:\/\/lernenmachtspass.net\/index.php\/wp-json\/wp\/v2\/users\/2"}],"replies":[{"embeddable":true,"href":"https:\/\/lernenmachtspass.net\/index.php\/wp-json\/wp\/v2\/comments?post=628"}],"version-history":[{"count":9,"href":"https:\/\/lernenmachtspass.net\/index.php\/wp-json\/wp\/v2\/pages\/628\/revisions"}],"predecessor-version":[{"id":801,"href":"https:\/\/lernenmachtspass.net\/index.php\/wp-json\/wp\/v2\/pages\/628\/revisions\/801"}],"wp:attachment":[{"href":"https:\/\/lernenmachtspass.net\/index.php\/wp-json\/wp\/v2\/media?parent=628"}],"curies":[{"name":"wp","href":"https:\/\/api.w.org\/{rel}","templated":true}]}}